{"id":194,"date":"2023-04-06T11:16:19","date_gmt":"2023-04-06T09:16:19","guid":{"rendered":"https:\/\/lamaisondemel.aqagency.fr\/?page_id=194"},"modified":"2023-04-26T11:08:23","modified_gmt":"2023-04-26T09:08:23","slug":"mentions-legales","status":"publish","type":"page","link":"https:\/\/lamaisondemel.com\/?page_id=194","title":{"rendered":"Mentions l\u00e9gales"},"content":{"rendered":"\t\t<div data-elementor-type=\"wp-page\" data-elementor-id=\"194\" class=\"elementor elementor-194\" data-elementor-post-type=\"page\">\n\t\t\t\t<div class=\"elementor-element elementor-element-a59dc0c e-flex e-con-boxed e-con e-parent\" data-id=\"a59dc0c\" data-element_type=\"container\">\n\t\t\t\t\t<div class=\"e-con-inner\">\n\t\t\t\t<div class=\"elementor-element elementor-element-693ca8d elementor-widget elementor-widget-heading\" data-id=\"693ca8d\" data-element_type=\"widget\" data-widget_type=\"heading.default\">\n\t\t\t\t<div class=\"elementor-widget-container\">\n\t\t\t\t\t<h1 class=\"elementor-heading-title elementor-size-default\">Mentions l\u00e9gales <\/h1>\t\t\t\t<\/div>\n\t\t\t\t<\/div>\n\t\t\t\t<div class=\"elementor-element elementor-element-7d66d2d elementor-widget elementor-widget-text-editor\" data-id=\"7d66d2d\" data-element_type=\"widget\" data-widget_type=\"text-editor.default\">\n\t\t\t\t<div class=\"elementor-widget-container\">\n\t\t\t\t\t\t\t\t\t<ol><li>dentification et \u00e9dition du site<\/li><\/ol><p>Le site <a href=\"http:\/\/www.lamaisondemel.com\/\" target=\"_new\">www.lamaisondemel.com<\/a> (ci-apr\u00e8s, le \u00ab\u00a0Site\u00a0\u00bb) est \u00e9dit\u00e9 par La Maison de Mel (ci-apr\u00e8s, \u00ab\u00a0l&rsquo;\u00c9diteur\u00a0\u00bb), dont le si\u00e8ge social est situ\u00e9 \u00e0 l&rsquo;adresse suivante :<\/p><p>Grand&rsquo;Route 34, 1428 Braine-l&rsquo;Alleud, Belgique T\u00e9l\u00e9phone : +32.477.89.13.66 Adresse \u00e9lectronique : <a href=\"mailto:info@lamaisondemel.com\" target=\"_new\">info@lamaisondemel.com<\/a><\/p><ol start=\"2\"><li>H\u00e9bergement du site<\/li><\/ol><p>L&rsquo;h\u00e9bergement du Site est assur\u00e9 par la soci\u00e9t\u00e9 Hostinger, dont le si\u00e8ge social est situ\u00e9 \u00e0 :<\/p><p>Hostinger International Ltd. 61 Lordou Vyronos, Lumiel Building, 4th floor 6023 Larnaca, Chypre Site web : <a href=\"http:\/\/www.hostinger.com\/\" target=\"_new\">www.hostinger.com<\/a><\/p><ol start=\"3\"><li>Conception et r\u00e9alisation du site<\/li><\/ol><p>Le design et la conception du Site ont \u00e9t\u00e9 r\u00e9alis\u00e9s par A.Q. AGENCY.<\/p><ol start=\"4\"><li>Propri\u00e9t\u00e9 intellectuelle<\/li><\/ol><p>L&rsquo;ensemble des \u00e9l\u00e9ments constituant le Site (textes, graphismes, logiciels, photographies, images, vid\u00e9os, sons, plans, noms, logos, marques, cr\u00e9ations et \u0153uvres prot\u00e9geables diverses, bases de donn\u00e9es, etc.) ainsi que le Site lui-m\u00eame, rel\u00e8vent des l\u00e9gislations belge et internationale sur le droit d&rsquo;auteur et sur les droits voisins du droit d&rsquo;auteur (notamment les articles L122-4 et L122-5. du Code de la Propri\u00e9t\u00e9 Intellectuelle).<\/p><p>La reproduction et\/ou la repr\u00e9sentation de ces \u00e9l\u00e9ments n&rsquo;est autoris\u00e9e qu&rsquo;\u00e0 des fins d&rsquo;information pour un usage strictement personnel et priv\u00e9. Toute autre utilisation est interdite sans l&rsquo;autorisation pr\u00e9alable \u00e9crite de l&rsquo;\u00c9diteur.<\/p><ol start=\"5\"><li>Limitation de responsabilit\u00e9<\/li><\/ol><p>L&rsquo;\u00c9diteur s&rsquo;efforce d&rsquo;assurer l&rsquo;exactitude et la mise \u00e0 jour des informations diffus\u00e9es sur le Site. Toutefois, l&rsquo;\u00c9diteur ne saurait garantir l&rsquo;exactitude, la pr\u00e9cision ou l&rsquo;exhaustivit\u00e9 des informations mises \u00e0 disposition sur le Site. En cons\u00e9quence, l&rsquo;utilisateur reconna\u00eet utiliser ces informations sous sa responsabilit\u00e9 exclusive.<\/p><p>L&rsquo;\u00c9diteur ne pourra \u00eatre tenu responsable des \u00e9ventuels dommages directs ou indirects r\u00e9sultant de l&rsquo;acc\u00e8s ou de l&rsquo;utilisation du Site, y compris l&rsquo;inaccessibilit\u00e9, les pertes de donn\u00e9es, d\u00e9t\u00e9riorations, destructions ou virus qui pourraient affecter l&rsquo;\u00e9quipement informatique de l&rsquo;utilisateur, et\/ou de la pr\u00e9sence de virus sur le Site.<\/p><ol start=\"6\"><li>Modification des mentions l\u00e9gales<\/li><\/ol><p>L&rsquo;\u00c9diteur se r\u00e9serve le droit de modifier les pr\u00e9sentes mentions l\u00e9gales \u00e0 tout moment. L&rsquo;utilisateur s&rsquo;engage donc \u00e0 les consulter r\u00e9guli\u00e8rement.<\/p><ol start=\"7\"><li>Droit applicable et attribution de juridiction<\/li><\/ol><p>Les pr\u00e9sentes mentions l\u00e9gales sont soumises au droit belge. En cas de litige et \u00e0 d\u00e9faut d&rsquo;accord amiable, la comp\u00e9tence exclusive est attribu\u00e9e aux tribunaux comp\u00e9tents de Braine-l&rsquo;Alleud, Belgique.<\/p>\t\t\t\t\t\t\t\t<\/div>\n\t\t\t\t<\/div>\n\t\t\t\t\t<\/div>\n\t\t\t\t<\/div>\n\t\t\t\t<\/div>\n\t\t","protected":false},"excerpt":{"rendered":"<p>Mentions l\u00e9gales dentification et \u00e9dition du site Le site www.lamaisondemel.com (ci-apr\u00e8s, le \u00ab\u00a0Site\u00a0\u00bb) est \u00e9dit\u00e9 par La Maison de Mel (ci-apr\u00e8s, \u00ab\u00a0l&rsquo;\u00c9diteur\u00a0\u00bb), dont le si\u00e8ge social est situ\u00e9 \u00e0 l&rsquo;adresse suivante : Grand&rsquo;Route 34, 1428 Braine-l&rsquo;Alleud, Belgique T\u00e9l\u00e9phone : +32.477.89.13.66 Adresse \u00e9lectronique : info@lamaisondemel.com H\u00e9bergement du site L&rsquo;h\u00e9bergement du Site est assur\u00e9 par la soci\u00e9t\u00e9 [&hellip;]<\/p>\n","protected":false},"author":1,"featured_media":0,"parent":0,"menu_order":0,"comment_status":"closed","ping_status":"closed","template":"","meta":{"_acf_changed":false,"footnotes":""},"class_list":["post-194","page","type-page","status-publish","hentry"],"acf":[],"yoast_head":"<!-- This site is optimized with the Yoast SEO plugin v25.4 - https:\/\/yoast.com\/wordpress\/plugins\/seo\/ -->\n<title>Mentions l\u00e9gales - La Maison de Mel<\/title>\n<meta name=\"robots\" content=\"index, follow, max-snippet:-1, max-image-preview:large, max-video-preview:-1\" \/>\n<link rel=\"canonical\" href=\"https:\/\/lamaisondemel.com\/?page_id=194\" \/>\n<meta property=\"og:locale\" content=\"fr_FR\" \/>\n<meta property=\"og:type\" content=\"article\" \/>\n<meta property=\"og:title\" content=\"Mentions l\u00e9gales - La Maison de Mel\" \/>\n<meta property=\"og:description\" content=\"Mentions l\u00e9gales dentification et \u00e9dition du site Le site www.lamaisondemel.com (ci-apr\u00e8s, le \u00ab\u00a0Site\u00a0\u00bb) est \u00e9dit\u00e9 par La Maison de Mel (ci-apr\u00e8s, \u00ab\u00a0l&rsquo;\u00c9diteur\u00a0\u00bb), dont le si\u00e8ge social est situ\u00e9 \u00e0 l&rsquo;adresse suivante : Grand&rsquo;Route 34, 1428 Braine-l&rsquo;Alleud, Belgique T\u00e9l\u00e9phone : +32.477.89.13.66 Adresse \u00e9lectronique : info@lamaisondemel.com H\u00e9bergement du site L&rsquo;h\u00e9bergement du Site est assur\u00e9 par la soci\u00e9t\u00e9 [&hellip;]\" \/>\n<meta property=\"og:url\" content=\"https:\/\/lamaisondemel.com\/?page_id=194\" \/>\n<meta property=\"og:site_name\" content=\"La Maison de Mel\" \/>\n<meta property=\"article:modified_time\" content=\"2023-04-26T09:08:23+00:00\" \/>\n<meta name=\"twitter:card\" content=\"summary_large_image\" \/>\n<meta name=\"twitter:label1\" content=\"Dur\u00e9e de lecture estim\u00e9e\" \/>\n\t<meta name=\"twitter:data1\" content=\"2 minutes\" \/>\n<script type=\"application\/ld+json\" class=\"yoast-schema-graph\">{\"@context\":\"https:\/\/schema.org\",\"@graph\":[{\"@type\":\"WebPage\",\"@id\":\"https:\/\/lamaisondemel.com\/?page_id=194\",\"url\":\"https:\/\/lamaisondemel.com\/?page_id=194\",\"name\":\"Mentions l\u00e9gales - La Maison de Mel\",\"isPartOf\":{\"@id\":\"https:\/\/lamaisondemel.com\/#website\"},\"datePublished\":\"2023-04-06T09:16:19+00:00\",\"dateModified\":\"2023-04-26T09:08:23+00:00\",\"breadcrumb\":{\"@id\":\"https:\/\/lamaisondemel.com\/?page_id=194#breadcrumb\"},\"inLanguage\":\"fr-FR\",\"potentialAction\":[{\"@type\":\"ReadAction\",\"target\":[\"https:\/\/lamaisondemel.com\/?page_id=194\"]}]},{\"@type\":\"BreadcrumbList\",\"@id\":\"https:\/\/lamaisondemel.com\/?page_id=194#breadcrumb\",\"itemListElement\":[{\"@type\":\"ListItem\",\"position\":1,\"name\":\"Accueil\",\"item\":\"https:\/\/lamaisondemel.com\/\"},{\"@type\":\"ListItem\",\"position\":2,\"name\":\"Mentions l\u00e9gales\"}]},{\"@type\":\"WebSite\",\"@id\":\"https:\/\/lamaisondemel.com\/#website\",\"url\":\"https:\/\/lamaisondemel.com\/\",\"name\":\"La Maison de Mel\",\"description\":\"Un s\u00e9jour de charme au c\u0153ur du Brabant wallon\",\"publisher\":{\"@id\":\"https:\/\/lamaisondemel.com\/#organization\"},\"potentialAction\":[{\"@type\":\"SearchAction\",\"target\":{\"@type\":\"EntryPoint\",\"urlTemplate\":\"https:\/\/lamaisondemel.com\/?s={search_term_string}\"},\"query-input\":{\"@type\":\"PropertyValueSpecification\",\"valueRequired\":true,\"valueName\":\"search_term_string\"}}],\"inLanguage\":\"fr-FR\"},{\"@type\":\"Organization\",\"@id\":\"https:\/\/lamaisondemel.com\/#organization\",\"name\":\"La Maison de Mel\",\"url\":\"https:\/\/lamaisondemel.com\/\",\"logo\":{\"@type\":\"ImageObject\",\"inLanguage\":\"fr-FR\",\"@id\":\"https:\/\/lamaisondemel.com\/#\/schema\/logo\/image\/\",\"url\":\"https:\/\/lamaisondemel.com\/wp-content\/uploads\/2023\/04\/logo-maoison-de-mel-gris-e1680768550101.png\",\"contentUrl\":\"https:\/\/lamaisondemel.com\/wp-content\/uploads\/2023\/04\/logo-maoison-de-mel-gris-e1680768550101.png\",\"width\":328,\"height\":421,\"caption\":\"La Maison de Mel\"},\"image\":{\"@id\":\"https:\/\/lamaisondemel.com\/#\/schema\/logo\/image\/\"}}]}<\/script>\n<!-- \/ Yoast SEO plugin. -->","yoast_head_json":{"title":"Mentions l\u00e9gales - La Maison de Mel","robots":{"index":"index","follow":"follow","max-snippet":"max-snippet:-1","max-image-preview":"max-image-preview:large","max-video-preview":"max-video-preview:-1"},"canonical":"https:\/\/lamaisondemel.com\/?page_id=194","og_locale":"fr_FR","og_type":"article","og_title":"Mentions l\u00e9gales - La Maison de Mel","og_description":"Mentions l\u00e9gales dentification et \u00e9dition du site Le site www.lamaisondemel.com (ci-apr\u00e8s, le \u00ab\u00a0Site\u00a0\u00bb) est \u00e9dit\u00e9 par La Maison de Mel (ci-apr\u00e8s, \u00ab\u00a0l&rsquo;\u00c9diteur\u00a0\u00bb), dont le si\u00e8ge social est situ\u00e9 \u00e0 l&rsquo;adresse suivante : Grand&rsquo;Route 34, 1428 Braine-l&rsquo;Alleud, Belgique T\u00e9l\u00e9phone : +32.477.89.13.66 Adresse \u00e9lectronique : info@lamaisondemel.com H\u00e9bergement du site L&rsquo;h\u00e9bergement du Site est assur\u00e9 par la soci\u00e9t\u00e9 [&hellip;]","og_url":"https:\/\/lamaisondemel.com\/?page_id=194","og_site_name":"La Maison de Mel","article_modified_time":"2023-04-26T09:08:23+00:00","twitter_card":"summary_large_image","twitter_misc":{"Dur\u00e9e de lecture estim\u00e9e":"2 minutes"},"schema":{"@context":"https:\/\/schema.org","@graph":[{"@type":"WebPage","@id":"https:\/\/lamaisondemel.com\/?page_id=194","url":"https:\/\/lamaisondemel.com\/?page_id=194","name":"Mentions l\u00e9gales - La Maison de Mel","isPartOf":{"@id":"https:\/\/lamaisondemel.com\/#website"},"datePublished":"2023-04-06T09:16:19+00:00","dateModified":"2023-04-26T09:08:23+00:00","breadcrumb":{"@id":"https:\/\/lamaisondemel.com\/?page_id=194#breadcrumb"},"inLanguage":"fr-FR","potentialAction":[{"@type":"ReadAction","target":["https:\/\/lamaisondemel.com\/?page_id=194"]}]},{"@type":"BreadcrumbList","@id":"https:\/\/lamaisondemel.com\/?page_id=194#breadcrumb","itemListElement":[{"@type":"ListItem","position":1,"name":"Accueil","item":"https:\/\/lamaisondemel.com\/"},{"@type":"ListItem","position":2,"name":"Mentions l\u00e9gales"}]},{"@type":"WebSite","@id":"https:\/\/lamaisondemel.com\/#website","url":"https:\/\/lamaisondemel.com\/","name":"La Maison de Mel","description":"Un s\u00e9jour de charme au c\u0153ur du Brabant wallon","publisher":{"@id":"https:\/\/lamaisondemel.com\/#organization"},"potentialAction":[{"@type":"SearchAction","target":{"@type":"EntryPoint","urlTemplate":"https:\/\/lamaisondemel.com\/?s={search_term_string}"},"query-input":{"@type":"PropertyValueSpecification","valueRequired":true,"valueName":"search_term_string"}}],"inLanguage":"fr-FR"},{"@type":"Organization","@id":"https:\/\/lamaisondemel.com\/#organization","name":"La Maison de Mel","url":"https:\/\/lamaisondemel.com\/","logo":{"@type":"ImageObject","inLanguage":"fr-FR","@id":"https:\/\/lamaisondemel.com\/#\/schema\/logo\/image\/","url":"https:\/\/lamaisondemel.com\/wp-content\/uploads\/2023\/04\/logo-maoison-de-mel-gris-e1680768550101.png","contentUrl":"https:\/\/lamaisondemel.com\/wp-content\/uploads\/2023\/04\/logo-maoison-de-mel-gris-e1680768550101.png","width":328,"height":421,"caption":"La Maison de Mel"},"image":{"@id":"https:\/\/lamaisondemel.com\/#\/schema\/logo\/image\/"}}]}},"_links":{"self":[{"href":"https:\/\/lamaisondemel.com\/index.php?rest_route=\/wp\/v2\/pages\/194","targetHints":{"allow":["GET"]}}],"collection":[{"href":"https:\/\/lamaisondemel.com\/index.php?rest_route=\/wp\/v2\/pages"}],"about":[{"href":"https:\/\/lamaisondemel.com\/index.php?rest_route=\/wp\/v2\/types\/page"}],"author":[{"embeddable":true,"href":"https:\/\/lamaisondemel.com\/index.php?rest_route=\/wp\/v2\/users\/1"}],"replies":[{"embeddable":true,"href":"https:\/\/lamaisondemel.com\/index.php?rest_route=%2Fwp%2Fv2%2Fcomments&post=194"}],"version-history":[{"count":13,"href":"https:\/\/lamaisondemel.com\/index.php?rest_route=\/wp\/v2\/pages\/194\/revisions"}],"predecessor-version":[{"id":534,"href":"https:\/\/lamaisondemel.com\/index.php?rest_route=\/wp\/v2\/pages\/194\/revisions\/534"}],"wp:attachment":[{"href":"https:\/\/lamaisondemel.com\/index.php?rest_route=%2Fwp%2Fv2%2Fmedia&parent=194"}],"curies":[{"name":"wp","href":"https:\/\/api.w.org\/{rel}","templated":true}]}}